{"id":81270,"date":"2024-10-13T15:54:46","date_gmt":"2024-10-13T20:54:46","guid":{"rendered":"https:\/\/www.mundomagicodisfraces.com\/web\/?post_type=product&#038;p=81270"},"modified":"2026-01-15T17:30:42","modified_gmt":"2026-01-15T22:30:42","slug":"sangre-falsa-vampire","status":"publish","type":"product","link":"https:\/\/www.mundomagicodisfraces.com\/web\/producto\/sangre-falsa-vampire\/","title":{"rendered":"Sangre falsa vampire"},"content":{"rendered":"<p>\u00a1Dale un toque aterrador a tu disfraz con nuestra sangre falsa marca Vampire! Ideal para crear efectos realistas en disfraces de terror, zombis o cualquier look espeluznante. F\u00e1cil de aplicar y con un aspecto aut\u00e9ntico, es el accesorio perfecto para Halloween o eventos tem\u00e1ticos. \u00a1Haz que tu disfraz sea inolvidable!<\/p>\n","protected":false},"excerpt":{"rendered":"<p>\u00a1Dale un toque aterrador a tu disfraz con nuestra sangre falsa marca Vampire! Ideal para crear efectos realistas en disfraces de terror, zombis o cualquier look espeluznante. F\u00e1cil de aplicar y con un aspecto aut\u00e9ntico, es el accesorio perfecto para Halloween o eventos tem\u00e1ticos. \u00a1Haz que tu disfraz sea inolvidable!<\/p>\n","protected":false},"featured_media":81271,"comment_status":"closed","ping_status":"closed","template":"","meta":{"_acf_changed":false,"_et_pb_use_builder":"","_et_pb_old_content":"","_et_gb_content_width":""},"product_brand":[],"product_cat":[611],"product_tag":[1502,616,870,1301,1503,868,706,1504],"class_list":{"0":"post-81270","1":"product","2":"type-product","3":"status-publish","4":"has-post-thumbnail","6":"product_cat-accesorios","7":"product_tag-asesino","8":"product_tag-halloween","9":"product_tag-herida","10":"product_tag-monstruo","11":"product_tag-muertos","12":"product_tag-sangre","13":"product_tag-vampiro","14":"product_tag-zombies","16":"first","17":"outofstock","18":"shipping-taxable","19":"purchasable","20":"product-type-simple"},"barcode":null,"atum_controlled":true,"out_stock_date":"2026-01-15 17:30:42","out_stock_threshold":null,"inheritable":false,"stock_on_hold":0,"sold_today":0,"sales_last_days":0,"out_stock_days":79,"lost_sales":0,"update_date":"2026-04-05T00:09:36","atum_locations":[],"atum_stock_status":"outofstock","restock_status":false,"low_stock_amount":"","sales_update_date":"2026-04-05T00:09:36","calc_backorders":null,"acf":[],"yoast_head":"<!-- This site is optimized with the Yoast SEO plugin v27.2 - https:\/\/yoast.com\/product\/yoast-seo-wordpress\/ -->\n<title>Sangre falsa vampire | Mundo M\u00e1gico Disfraces<\/title>\n<meta name=\"description\" content=\"\u00a1Dale un toque aterrador a tu disfraz con nuestra sangre falsa marca Vampire! Ideal para crear efectos realistas en disfraces de terror, zombis o cualquier look espeluznante. F\u00e1cil de aplicar y con un aspecto aut\u00e9ntico, es el accesorio perfecto para Halloween o eventos tem\u00e1ticos. \u00a1Haz que tu disfraz sea inolvidable! \u00a1Dale un toque aterrador a tu disfraz con nuestra sangre falsa marca Vampire! Ideal para crear efectos realistas en disfraces de terror, zombis o cualquier look espeluznante. F\u00e1cil de aplicar y con un aspecto aut\u00e9ntico, es el accesorio perfecto para Halloween o eventos tem\u00e1ticos. \u00a1Haz que tu disfraz sea inolvidable!\" \/>\n<meta name=\"robots\" content=\"index, follow, max-snippet:-1, max-image-preview:large, max-video-preview:-1\" \/>\n<link rel=\"canonical\" href=\"https:\/\/www.mundomagicodisfraces.com\/web\/producto\/sangre-falsa-vampire\/\" \/>\n<meta property=\"og:locale\" content=\"es_ES\" \/>\n<meta property=\"og:type\" content=\"article\" \/>\n<meta property=\"og:title\" content=\"Sangre falsa vampire | Mundo M\u00e1gico Disfraces\" \/>\n<meta property=\"og:description\" content=\"\u00a1Dale un toque aterrador a tu disfraz con nuestra sangre falsa marca Vampire! Ideal para crear efectos realistas en disfraces de terror, zombis o cualquier look espeluznante. F\u00e1cil de aplicar y con un aspecto aut\u00e9ntico, es el accesorio perfecto para Halloween o eventos tem\u00e1ticos. \u00a1Haz que tu disfraz sea inolvidable! \u00a1Dale un toque aterrador a tu disfraz con nuestra sangre falsa marca Vampire! Ideal para crear efectos realistas en disfraces de terror, zombis o cualquier look espeluznante. F\u00e1cil de aplicar y con un aspecto aut\u00e9ntico, es el accesorio perfecto para Halloween o eventos tem\u00e1ticos. \u00a1Haz que tu disfraz sea inolvidable!\" \/>\n<meta property=\"og:url\" content=\"https:\/\/www.mundomagicodisfraces.com\/web\/producto\/sangre-falsa-vampire\/\" \/>\n<meta property=\"og:site_name\" content=\"Mundo M\u00e1gico Disfraces\" \/>\n<meta property=\"article:publisher\" content=\"https:\/\/www.facebook.com\/mmdisfraces\" \/>\n<meta property=\"article:modified_time\" content=\"2026-01-15T22:30:42+00:00\" \/>\n<meta property=\"og:image\" content=\"https:\/\/www.mundomagicodisfraces.com\/web\/wp-content\/uploads\/2024\/10\/sangre-falsa-vampire.jpg\" \/>\n\t<meta property=\"og:image:width\" content=\"1000\" \/>\n\t<meta property=\"og:image:height\" content=\"1000\" \/>\n\t<meta property=\"og:image:type\" content=\"image\/jpeg\" \/>\n<meta name=\"twitter:card\" content=\"summary_large_image\" \/>\n<meta name=\"twitter:site\" content=\"@MundoMagicoDisf\" \/>\n<meta name=\"twitter:label1\" content=\"Tiempo de lectura\" \/>\n\t<meta name=\"twitter:data1\" content=\"1 minuto\" \/>\n<script type=\"application\/ld+json\" class=\"yoast-schema-graph\">{\"@context\":\"https:\/\/schema.org\",\"@graph\":[{\"@type\":\"WebPage\",\"@id\":\"https:\/\/www.mundomagicodisfraces.com\/web\/producto\/sangre-falsa-vampire\/\",\"url\":\"https:\/\/www.mundomagicodisfraces.com\/web\/producto\/sangre-falsa-vampire\/\",\"name\":\"Sangre falsa vampire | Mundo M\u00e1gico Disfraces\",\"isPartOf\":{\"@id\":\"https:\/\/www.mundomagicodisfraces.com\/web\/#website\"},\"primaryImageOfPage\":{\"@id\":\"https:\/\/www.mundomagicodisfraces.com\/web\/producto\/sangre-falsa-vampire\/#primaryimage\"},\"image\":{\"@id\":\"https:\/\/www.mundomagicodisfraces.com\/web\/producto\/sangre-falsa-vampire\/#primaryimage\"},\"thumbnailUrl\":\"https:\/\/www.mundomagicodisfraces.com\/web\/wp-content\/uploads\/2024\/10\/sangre-falsa-vampire.jpg\",\"datePublished\":\"2024-10-13T20:54:46+00:00\",\"dateModified\":\"2026-01-15T22:30:42+00:00\",\"description\":\"\u00a1Dale un toque aterrador a tu disfraz con nuestra sangre falsa marca Vampire! Ideal para crear efectos realistas en disfraces de terror, zombis o cualquier look espeluznante. F\u00e1cil de aplicar y con un aspecto aut\u00e9ntico, es el accesorio perfecto para Halloween o eventos tem\u00e1ticos. \u00a1Haz que tu disfraz sea inolvidable! \u00a1Dale un toque aterrador a tu disfraz con nuestra sangre falsa marca Vampire! Ideal para crear efectos realistas en disfraces de terror, zombis o cualquier look espeluznante. F\u00e1cil de aplicar y con un aspecto aut\u00e9ntico, es el accesorio perfecto para Halloween o eventos tem\u00e1ticos. \u00a1Haz que tu disfraz sea inolvidable!\",\"breadcrumb\":{\"@id\":\"https:\/\/www.mundomagicodisfraces.com\/web\/producto\/sangre-falsa-vampire\/#breadcrumb\"},\"inLanguage\":\"es\",\"potentialAction\":[{\"@type\":\"ReadAction\",\"target\":[\"https:\/\/www.mundomagicodisfraces.com\/web\/producto\/sangre-falsa-vampire\/\"]}]},{\"@type\":\"ImageObject\",\"inLanguage\":\"es\",\"@id\":\"https:\/\/www.mundomagicodisfraces.com\/web\/producto\/sangre-falsa-vampire\/#primaryimage\",\"url\":\"https:\/\/www.mundomagicodisfraces.com\/web\/wp-content\/uploads\/2024\/10\/sangre-falsa-vampire.jpg\",\"contentUrl\":\"https:\/\/www.mundomagicodisfraces.com\/web\/wp-content\/uploads\/2024\/10\/sangre-falsa-vampire.jpg\",\"width\":1000,\"height\":1000,\"caption\":\"sangre falsa vampire\"},{\"@type\":\"BreadcrumbList\",\"@id\":\"https:\/\/www.mundomagicodisfraces.com\/web\/producto\/sangre-falsa-vampire\/#breadcrumb\",\"itemListElement\":[{\"@type\":\"ListItem\",\"position\":1,\"name\":\"Portada\",\"item\":\"https:\/\/www.mundomagicodisfraces.com\/web\/\"},{\"@type\":\"ListItem\",\"position\":2,\"name\":\"Tienda\",\"item\":\"https:\/\/www.mundomagicodisfraces.com\/web\/tienda\/\"},{\"@type\":\"ListItem\",\"position\":3,\"name\":\"Sangre falsa vampire\"}]},{\"@type\":\"WebSite\",\"@id\":\"https:\/\/www.mundomagicodisfraces.com\/web\/#website\",\"url\":\"https:\/\/www.mundomagicodisfraces.com\/web\/\",\"name\":\"Mundo M\u00e1gico Disfraces\",\"description\":\"Mundo M\u00e1gico Disfraces local de disfraces ubicado en Quito Ecuador, alquiler disfraces, 1800 disfraces a su disposici\u00f3n, m\u00e1s de 2900 accesorios.\",\"publisher\":{\"@id\":\"https:\/\/www.mundomagicodisfraces.com\/web\/#organization\"},\"potentialAction\":[{\"@type\":\"SearchAction\",\"target\":{\"@type\":\"EntryPoint\",\"urlTemplate\":\"https:\/\/www.mundomagicodisfraces.com\/web\/?s={search_term_string}\"},\"query-input\":{\"@type\":\"PropertyValueSpecification\",\"valueRequired\":true,\"valueName\":\"search_term_string\"}}],\"inLanguage\":\"es\"},{\"@type\":\"Organization\",\"@id\":\"https:\/\/www.mundomagicodisfraces.com\/web\/#organization\",\"name\":\"Mundo M\u00e1gico Disfraces\",\"url\":\"https:\/\/www.mundomagicodisfraces.com\/web\/\",\"logo\":{\"@type\":\"ImageObject\",\"inLanguage\":\"es\",\"@id\":\"https:\/\/www.mundomagicodisfraces.com\/web\/#\/schema\/logo\/image\/\",\"url\":\"https:\/\/www.mundomagicodisfraces.com\/web\/wp-content\/uploads\/2017\/08\/logodefault2.png\",\"contentUrl\":\"https:\/\/www.mundomagicodisfraces.com\/web\/wp-content\/uploads\/2017\/08\/logodefault2.png\",\"width\":700,\"height\":281,\"caption\":\"Mundo M\u00e1gico Disfraces\"},\"image\":{\"@id\":\"https:\/\/www.mundomagicodisfraces.com\/web\/#\/schema\/logo\/image\/\"},\"sameAs\":[\"https:\/\/www.facebook.com\/mmdisfraces\",\"https:\/\/x.com\/MundoMagicoDisf\",\"https:\/\/www.instagram.com\/disfracesmundomagico\/\"]}]}<\/script>\n<!-- \/ Yoast SEO plugin. -->","yoast_head_json":{"title":"Sangre falsa vampire | Mundo M\u00e1gico Disfraces","description":"\u00a1Dale un toque aterrador a tu disfraz con nuestra sangre falsa marca Vampire! Ideal para crear efectos realistas en disfraces de terror, zombis o cualquier look espeluznante. F\u00e1cil de aplicar y con un aspecto aut\u00e9ntico, es el accesorio perfecto para Halloween o eventos tem\u00e1ticos. \u00a1Haz que tu disfraz sea inolvidable! \u00a1Dale un toque aterrador a tu disfraz con nuestra sangre falsa marca Vampire! Ideal para crear efectos realistas en disfraces de terror, zombis o cualquier look espeluznante. F\u00e1cil de aplicar y con un aspecto aut\u00e9ntico, es el accesorio perfecto para Halloween o eventos tem\u00e1ticos. \u00a1Haz que tu disfraz sea inolvidable!","robots":{"index":"index","follow":"follow","max-snippet":"max-snippet:-1","max-image-preview":"max-image-preview:large","max-video-preview":"max-video-preview:-1"},"canonical":"https:\/\/www.mundomagicodisfraces.com\/web\/producto\/sangre-falsa-vampire\/","og_locale":"es_ES","og_type":"article","og_title":"Sangre falsa vampire | Mundo M\u00e1gico Disfraces","og_description":"\u00a1Dale un toque aterrador a tu disfraz con nuestra sangre falsa marca Vampire! Ideal para crear efectos realistas en disfraces de terror, zombis o cualquier look espeluznante. F\u00e1cil de aplicar y con un aspecto aut\u00e9ntico, es el accesorio perfecto para Halloween o eventos tem\u00e1ticos. \u00a1Haz que tu disfraz sea inolvidable! \u00a1Dale un toque aterrador a tu disfraz con nuestra sangre falsa marca Vampire! Ideal para crear efectos realistas en disfraces de terror, zombis o cualquier look espeluznante. F\u00e1cil de aplicar y con un aspecto aut\u00e9ntico, es el accesorio perfecto para Halloween o eventos tem\u00e1ticos. \u00a1Haz que tu disfraz sea inolvidable!","og_url":"https:\/\/www.mundomagicodisfraces.com\/web\/producto\/sangre-falsa-vampire\/","og_site_name":"Mundo M\u00e1gico Disfraces","article_publisher":"https:\/\/www.facebook.com\/mmdisfraces","article_modified_time":"2026-01-15T22:30:42+00:00","og_image":[{"width":1000,"height":1000,"url":"https:\/\/www.mundomagicodisfraces.com\/web\/wp-content\/uploads\/2024\/10\/sangre-falsa-vampire.jpg","type":"image\/jpeg"}],"twitter_card":"summary_large_image","twitter_site":"@MundoMagicoDisf","twitter_misc":{"Tiempo de lectura":"1 minuto"},"schema":{"@context":"https:\/\/schema.org","@graph":[{"@type":"WebPage","@id":"https:\/\/www.mundomagicodisfraces.com\/web\/producto\/sangre-falsa-vampire\/","url":"https:\/\/www.mundomagicodisfraces.com\/web\/producto\/sangre-falsa-vampire\/","name":"Sangre falsa vampire | Mundo M\u00e1gico Disfraces","isPartOf":{"@id":"https:\/\/www.mundomagicodisfraces.com\/web\/#website"},"primaryImageOfPage":{"@id":"https:\/\/www.mundomagicodisfraces.com\/web\/producto\/sangre-falsa-vampire\/#primaryimage"},"image":{"@id":"https:\/\/www.mundomagicodisfraces.com\/web\/producto\/sangre-falsa-vampire\/#primaryimage"},"thumbnailUrl":"https:\/\/www.mundomagicodisfraces.com\/web\/wp-content\/uploads\/2024\/10\/sangre-falsa-vampire.jpg","datePublished":"2024-10-13T20:54:46+00:00","dateModified":"2026-01-15T22:30:42+00:00","description":"\u00a1Dale un toque aterrador a tu disfraz con nuestra sangre falsa marca Vampire! Ideal para crear efectos realistas en disfraces de terror, zombis o cualquier look espeluznante. F\u00e1cil de aplicar y con un aspecto aut\u00e9ntico, es el accesorio perfecto para Halloween o eventos tem\u00e1ticos. \u00a1Haz que tu disfraz sea inolvidable! \u00a1Dale un toque aterrador a tu disfraz con nuestra sangre falsa marca Vampire! Ideal para crear efectos realistas en disfraces de terror, zombis o cualquier look espeluznante. F\u00e1cil de aplicar y con un aspecto aut\u00e9ntico, es el accesorio perfecto para Halloween o eventos tem\u00e1ticos. \u00a1Haz que tu disfraz sea inolvidable!","breadcrumb":{"@id":"https:\/\/www.mundomagicodisfraces.com\/web\/producto\/sangre-falsa-vampire\/#breadcrumb"},"inLanguage":"es","potentialAction":[{"@type":"ReadAction","target":["https:\/\/www.mundomagicodisfraces.com\/web\/producto\/sangre-falsa-vampire\/"]}]},{"@type":"ImageObject","inLanguage":"es","@id":"https:\/\/www.mundomagicodisfraces.com\/web\/producto\/sangre-falsa-vampire\/#primaryimage","url":"https:\/\/www.mundomagicodisfraces.com\/web\/wp-content\/uploads\/2024\/10\/sangre-falsa-vampire.jpg","contentUrl":"https:\/\/www.mundomagicodisfraces.com\/web\/wp-content\/uploads\/2024\/10\/sangre-falsa-vampire.jpg","width":1000,"height":1000,"caption":"sangre falsa vampire"},{"@type":"BreadcrumbList","@id":"https:\/\/www.mundomagicodisfraces.com\/web\/producto\/sangre-falsa-vampire\/#breadcrumb","itemListElement":[{"@type":"ListItem","position":1,"name":"Portada","item":"https:\/\/www.mundomagicodisfraces.com\/web\/"},{"@type":"ListItem","position":2,"name":"Tienda","item":"https:\/\/www.mundomagicodisfraces.com\/web\/tienda\/"},{"@type":"ListItem","position":3,"name":"Sangre falsa vampire"}]},{"@type":"WebSite","@id":"https:\/\/www.mundomagicodisfraces.com\/web\/#website","url":"https:\/\/www.mundomagicodisfraces.com\/web\/","name":"Mundo M\u00e1gico Disfraces","description":"Mundo M\u00e1gico Disfraces local de disfraces ubicado en Quito Ecuador, alquiler disfraces, 1800 disfraces a su disposici\u00f3n, m\u00e1s de 2900 accesorios.","publisher":{"@id":"https:\/\/www.mundomagicodisfraces.com\/web\/#organization"},"potentialAction":[{"@type":"SearchAction","target":{"@type":"EntryPoint","urlTemplate":"https:\/\/www.mundomagicodisfraces.com\/web\/?s={search_term_string}"},"query-input":{"@type":"PropertyValueSpecification","valueRequired":true,"valueName":"search_term_string"}}],"inLanguage":"es"},{"@type":"Organization","@id":"https:\/\/www.mundomagicodisfraces.com\/web\/#organization","name":"Mundo M\u00e1gico Disfraces","url":"https:\/\/www.mundomagicodisfraces.com\/web\/","logo":{"@type":"ImageObject","inLanguage":"es","@id":"https:\/\/www.mundomagicodisfraces.com\/web\/#\/schema\/logo\/image\/","url":"https:\/\/www.mundomagicodisfraces.com\/web\/wp-content\/uploads\/2017\/08\/logodefault2.png","contentUrl":"https:\/\/www.mundomagicodisfraces.com\/web\/wp-content\/uploads\/2017\/08\/logodefault2.png","width":700,"height":281,"caption":"Mundo M\u00e1gico Disfraces"},"image":{"@id":"https:\/\/www.mundomagicodisfraces.com\/web\/#\/schema\/logo\/image\/"},"sameAs":["https:\/\/www.facebook.com\/mmdisfraces","https:\/\/x.com\/MundoMagicoDisf","https:\/\/www.instagram.com\/disfracesmundomagico\/"]}]}},"_links":{"self":[{"href":"https:\/\/www.mundomagicodisfraces.com\/web\/wp-json\/wp\/v2\/product\/81270","targetHints":{"allow":["GET"]}}],"collection":[{"href":"https:\/\/www.mundomagicodisfraces.com\/web\/wp-json\/wp\/v2\/product"}],"about":[{"href":"https:\/\/www.mundomagicodisfraces.com\/web\/wp-json\/wp\/v2\/types\/product"}],"replies":[{"embeddable":true,"href":"https:\/\/www.mundomagicodisfraces.com\/web\/wp-json\/wp\/v2\/comments?post=81270"}],"wp:featuredmedia":[{"embeddable":true,"href":"https:\/\/www.mundomagicodisfraces.com\/web\/wp-json\/wp\/v2\/media\/81271"}],"wp:attachment":[{"href":"https:\/\/www.mundomagicodisfraces.com\/web\/wp-json\/wp\/v2\/media?parent=81270"}],"wp:term":[{"taxonomy":"product_brand","embeddable":true,"href":"https:\/\/www.mundomagicodisfraces.com\/web\/wp-json\/wp\/v2\/product_brand?post=81270"},{"taxonomy":"product_cat","embeddable":true,"href":"https:\/\/www.mundomagicodisfraces.com\/web\/wp-json\/wp\/v2\/product_cat?post=81270"},{"taxonomy":"product_tag","embeddable":true,"href":"https:\/\/www.mundomagicodisfraces.com\/web\/wp-json\/wp\/v2\/product_tag?post=81270"}],"curies":[{"name":"wp","href":"https:\/\/api.w.org\/{rel}","templated":true}]}}